2*x - r. What is the remainder when x is divided by 7?
4
Let t(p) = -p + 2. Let x be t(6). Let b(j) = -6*j**3 - 4*j**2 - 3*j. What is the remainder when 2 + 1/(x/(-440)) is divided by b(-2)?
36
Suppose 485 = 2*f + 3*k, -35*k + 38*k = 5*f - 1244. What is the remainder when f is divided by 63?
58
Let z(q) = -q**3 - 2*q**2 + 6*q. What is the remainder when 61 is divided by z(-4)?
5
Let n(b) = -b**3 + 3*b**2. Let r = -21 - -23. Let y be n(r). Suppose -l - 204 = -4*f, f - 47 - y = -4*l. What is the remainder when f is divided by 13?
12
What is the remainder when 51 is divided by ((-50)/(-30))/(5/9)?
0
Suppose -d = 20 + 25. Suppose -2*u - 6 = 0, -3*b + u - 6*u + 198 = 0. Let t = d + b. Calculate the remainder when t is divided by 14.
12
Calculate the remainder when 8 + 0 - (5 - -2)/(-7) is divided by (-7)/(-3) - (-2)/(-6).
1
Let z = -256 - -312. What is the remainder when 121 is divided by z?
9
Suppose -5*w + 4*w = -p - 20, 3*p = -2*w + 20. Calculate the remainder when w is divided by 6.
4
Suppose 4*s - 705 = -5*i, 4*i - 2*s - 812 = -222. Calculate the remainder when i is divided by 30.
25
Let t(i) = -4*i + 3. Let s be t(-1). Suppose 2 = z - m, -z + s = 3*z - 3*m. What is the remainder when 3 is divided by z?
0
Suppose -4*p = -6*p. Suppose -3*j - 2*k + 57 = p, -4*k + 15 = k. Let m = 16 - 7. Calculate the remainder when j is divided by m.
8
Let t(i) = -2*i**2 - 2*i + 42. Let c be t(0). Suppose y + 5*y = c. Calculate the remainder when y is divided by 3.
1
Suppose -3*x = 24 - 3. Let b = x - -51. Suppose -3*c + 13 + b = 0. What is the remainder when 75 is divided by c?
18
Let f(q) = -q + 17. Let j be f(6). Suppose -10*z = -j*z + 23. What is the remainder when 137 is divided by z?
22
Let o(t) = -t + 31. Suppose -q + 8*q - 119 = 0. What is the remainder when 41 is divided by o(q)?
13
Let t be (3/6*1)/(5/20). Suppose -t*c + 60 = 2*c. What is the remainder when 72 is divided by c?
12
Let p = -597 + 714. What is the remainder when p is divided by 26?
13
Calculate the remainder when (-1)/((-1650)/(-830) + -2) is divided by 19.
7
Let z(c) = -31*c - 3. Let m be z(-1). Let q = m - 18. What is the remainder when 17 is divided by q?
7
Let b(r) = 2*r**2 + 61*r + 392. Suppose 0 = 5*w + 5*a - 70, 5*w - 2*a - 2*a = 52. Calculate the remainder when b(-23) is divided by w.
11
Let n = 43 - 15. Let s = n - 17. Calculate the remainder when 52 is divided by s.
8
What is the remainder when 193 is divided by 1/(-6) - (1 + 1505/(-30))?
46
Suppose 4*n + 180 = -0*r + 5*r, -5*r = -2*n - 180. Let v = -112 + 125. What is the remainder when r is divided by v?
10
Let c = -23 - -60. Let w = 18 - -9. Suppose 5*l + w - 92 = 0. Calculate the remainder when c is divided by l.
11
Let t(p) = 3*p**2 + 3*p + 6. Let y = -60 - -58. Calculate the remainder when 33 is divided by t(y).
9
Let z(r) = 7*r - 31. Let q be z(5). Suppose -q*h + 45 = m, -111 - 44 = -3*m - 2*h. What is the remainder when m is divided by 27?
26
Suppose 87 = 5*t - w, 12*w - 11*w - 75 = -4*t. What is the remainder when (-141)/(2*2/(-4)) is divided by t?
15
Let m = 359 - 209. What is the remainder when m is divided by 38?
36
Let a(n) = n**2 + 7*n + 2. What is the remainder when a(5) is divided by 21?
20
Suppose -2*r - 2*r + 76 = 0. Let o = r - -11. Suppose -5*d + 5*a + 35 = 0, -2*d - 3*a = -a - o. What is the remainder when 41 is divided by d?
8
Let y = -2 + 5. Suppose -a = y*a - 16. Suppose 0 = -2*x + q + 50, a*x - 91 - 19 = -3*q. Calculate the remainder when 77 is divided by x.
25
Let n = 803 + -700. Calculate the remainder when n is divided by 34.
1
Suppose -72 = -13*l + 97. Calculate the remainder when 244 is divided by l.
10
Suppose h - 5*h - 80 = 0. Suppose 0 = 5*p - 31 - 9. Calculate the remainder when p is divided by (6/(-8))/(5/h).
2
Suppose 0 = -3*w + 23*s - 20*s + 72, 0 = -2*w + 3*s + 43. Calculate the remainder when 100 is divided by w.
13
Let g(u) = u - 3. Let q be g(-8). Let r = q + 15. What is the remainder when 7 is divided by r?
3
Suppose -13*k = -7*k - 126. What is the remainder when 503 is divided by k?
20
Suppose 0*v = -2*v - 4*m + 8, 5*v - m = 42. Calculate the remainder when v*((-15)/(-2) - -2) is divided by 40.
36
Let z(r) = r**2 + 10*r - 116. What is the remainder when 12 is divided by z(-17)?
0
Let t be 4 + -5 + 4/1. Suppose 2 = t*v - v. Suppose v = 6*u - 161. Calculate the remainder when u is divided by 6.
3
Let c(v) = v**3 - 8*v**2 - 9*v - 6. Let u be c(9). Let s = 8 + 18. Calculate the remainder when (-290)/u - (-24)/36 is divided by s.
23
Let r be 1/(5 - (-19)/(-4)). Suppose 7 = 2*y - 3*s - 3, -4*s + 60 = r*y. Calculate the remainder when 30 is divided by y.
8
Suppose 40*t + 6 = 41*t. Suppose -d + f = -t, -f - 3*f = 8. What is the remainder when 9 is divided by d?
1
Suppose c = 4, 0*p - c = -2*p - 4. Suppose -2*y = -p*y + 194. Let q = 150 + y. What is the remainder when q is divided by 27?
26
Suppose 18*s = -48*s + 8514. Calculate the remainder when s is divided by 11.
8
Suppose 2*a - 8 - 32 = 0. Suppose -15*b + a*b = 205. What is the remainder when b is divided by 6?
5
Let q be (-4)/10 + 4/10. Let s = -238 - -240. Suppose -j + s*j - 30 = q. What is the remainder when j is divided by 8?
6
Let f(v) = 3*v + 40. Let n be f(0). Calculate the remainder when (n/6)/((-10)/(-15)) is divided by 4.
2
Let o(p) be the second derivative of -p**3 - 43*p**2/2 - 30*p. Calculate the remainder when o(-13) is divided by 12.
11
Let g(p) = -2*p**3 + 41*p**2 + 16*p + 134. Calculate the remainder when 51 is divided by g(21).
22
Let r(o) = -o**3 + 3*o**2 + 18. Let w be r(6). Let l = -80 - w. What is the remainder when 19 is divided by l?
9
Suppose -156 - 344 = -10*b. Calculate the remainder when 110 is divided by b.
10
Let z(y) = y**2 - 6*y + 8. Let o be z(4). Let n be -64 + o*(-1)/(-2). What is the remainder when 31 is divided by 0 + 3/((-12)/n)?
15
Suppose -2*a - 54 = -5*a. Let j = -30 - -16. Let b = 57 - j. Calculate the remainder when b is divided by a.
17
Let u be 0/(-1*2) - -33. Let b = u - -18. Suppose 12*v - 10*v - 20 = -3*o, -3*v + 49 = -5*o. Calculate the remainder when b is divided by v.
12
Let j(w) = -w**2 - 6*w + 5. Let k be j(3). Let g = k + 29. What is the remainder when 26 is divided by g?
5
Let q(b) = 3*b - 8. Suppose -134 = 5*f + 61. Let o = 42 + f. What is the remainder when q(6) is divided by o?
1
Suppose -5*k + 9*k = 8. Let f = -46 - -71. What is the remainder when k/(-8)*-4*73 is divided by f?
23
Suppose 8 = 5*n - 7. Let c be (-7)/21 - 106/6. What is the remainder when (20/(-15))/(4/c) is divided by n?
0
What is the remainder when 199 is divided by 2288/55 + (-3)/5?
35
What is the remainder when 21 is divided by 291/15 + -1 + 24/(-60)?
3
Suppose 0 = -7*m + 5*m + 52. Let l(n) = 153*n. Calculate the remainder when l(1) is divided by m.
23
Suppose -5*v + 3 + 184 = -4*k, 4*k - 128 = -4*v. Calculate the remainder when 189 is divided by v + (4 - (-1 - -2)).
37
Let v = 13 + -8. Suppose -m + 43 = 3*d, 3*d - 3*m = v*d - 31. Calculate the remainder when d is divided by 9.
5
Suppose 6 = -i + 3*i, 2*i + 42 = 3*b. Suppose -2*n + n + 29 = 0. Suppose -g + 2*g = -4*w - 11, g - 4*w = n. What is the remainder when b is divided by g?
7
Let z(r) = -r**2 - 58*r + 403. Calculate the remainder when z(-64) is divided by ((-1)/2)/((-4)/24).
1
Let n(w) = 4*w + 94. What is the remainder when n(10) is divided by 24?
14
Let p be 8 + -4 + 1 - 3. Suppose 5*z = 3*y + 38, 0 = -z - 5*y + p*y + 22. Let t = z + -2. Calculate the remainder when 29 is divided by t.
5
Let q(w) = -7*w + 129. What is the remainder when q(-26) is divided by 45?
41
Let g = -345 + 355. What is the remainder when 137 is divided by g?
7
Suppose -2*m + 83 = b, 3*b = 4*m + m - 213. What is the remainder when 123 is divided by m?
39
Suppose 36*n - 39*n + 42 = 0. What is the remainder when 136 is divided by n?
10
Suppose -5*n = -2*j + 168, -4*n = -0*j - 5*j + 403. What is the remainder when j is divided by 76/6 + (-40)/15?
9
Suppose -9*p - 28*p + 222 = 0. What is the remainder when 36 is divided by p?
0
Suppose -3540 = -9*r + 15972. What is the remainder when r is divided by 167?
164
Let b(j) = -j**3 - 11*j**2 + 13*j + 16. Let w be b(-12). Let h = w - 1. Suppose h*i = 13 + 8. Calculate the remainder when 12 is divided by i.
5
Suppose 2*a = -2*m + 52, 0 = 5*m -